*2 - 10*j - 4. Let v be r(k). Suppose -4*i = 2*n - 50, 4*n + 0*n + v = 0. Calculate the remainder when 43 is divided by i.
13
Suppose 3*u + 24 = 3*h, 3*u + 0*u - 4*h + 23 = 0. Suppose 19 = r - z, 16 + 9 = r - 3*z. What is the remainder when r is divided by u/((-9)/(-3) + -4)?
7
Suppose 5*j + m - 123 = 0, 5*m - 90 = j - 5*j. Suppose 0 = 5*y - 3*d + 10, -4*y + 0*y - 3*d - 8 = 0. Calculate the remainder when j is divided by 0 + y + 1 + 8.
4
Let u(o) = -5*o**2 - 3*o - 2. Let n(a) = -14*a**2 - 9*a - 7. Let p(h) = 6*n(h) - 17*u(h). What is the remainder when p(-6) is divided by 16?
14
Let m(d) = -d**2 - 9*d + 9. Let n be m(-9). Let k(p) = 8*p - 4. Let x be k(4). Calculate the remainder when 50 is divided by n/(-3) + x + 1.
24
Suppose 5*z = -5*s + 20, 5*z - z + 19 = 3*s. Let m(v) = v - 1. Let j = -8 + 11. What is the remainder when s is divided by m(j)?
1
Calculate the remainder when 37 is divided by 1/(-2)*(0 - 20).
7
Suppose 2 = -q, -2*m - 2*q - 204 = -6*m. Suppose -w - 8 = -25. Calculate the remainder when m is divided by w.
16
Suppose d - 2 + 1 = -2*m, 0 = m + d + 1. Suppose m*a = -3 + 5. Calculate the remainder when 2 is divided by a.
0
Let g(t) = -2*t**2 - 43*t - 17. Calculate the remainder when 13 is divided by g(-21).
1
Calculate the remainder when 86 is divided by 1 - 8/12*102/(-4).
14
Suppose -7 = -3*r - 1. Suppose i = -r*i + 48. Suppose -65 = -3*f - 8*h + 3*h, 2*h = 5*f - 160. Calculate the remainder when f is divided by i.
14
Let d = -66 - -69. Let k = 179 - 106. Suppose -4*m - 29 = -k. Calculate the remainder when m is divided by d.
2
Let c = 0 + -23. Let d = c + 32. Let j = d + 8. Calculate the remainder when 66 is divided by j.
15
Suppose -5*t + 17 + 23 = 0. Let f = -3 + t. Let p(v) = -3*v**3 - v**2. Calculate the remainder when f is divided by p(-1).
1
Suppose -15*z + 36 = -774. Let o(u) = u**3 - 4*u + 4. Calculate the remainder when z is divided by o(3).
16
Suppose -3*q = -49 - 80. Suppose -q = -5*z - 13. Suppose 4*v - y = 73, 2*y = -3*v - 1 + 42. Calculate the remainder when v is divided by z.
5
Suppose -5*t + 390 = -2*t. Calculate the remainder when t is divided by 12.
10
Let v(z) be the first derivative of 2*z**2 + 2*z + 1. Suppose l - 3*l = -2*b + 10, 4*l + 24 = 5*b. What is the remainder when v(b) is divided by 10?
8
Suppose 2*l - 3*l = 0. Suppose -5*p - x = -89 - 53, l = -3*p + 4*x + 76. Calculate the remainder when p is divided by (135/18)/(1/2).
13
Suppose 28 = 4*c + 8. Suppose -5*p = 4*d - 271, -5*d = -4*p + 179 + 46. Suppose -215 = -c*f + p. Calculate the remainder when f is divided by 14.
12
Suppose -16 - 9 = 4*o - a, -3*o - 5*a + 10 = 0. Let v be (-2)/5 + (-97)/o. Let j = v + 7. Calculate the remainder when j is divided by 9.
8
Suppose -2*q + 19 = 5*i, 0 = 5*q + 2*i - 5*i - 63. Calculate the remainder when 46 is divided by q.
10
Let j = -15 - -21. Suppose a - j = 36. Calculate the remainder when a is divided by 15.
12
Let q(p) = p**3 + 9*p**2 - 5*p + 12. What is the remainder when q(-9) is divided by 15?
12
Let m(w) = -w + 6. Suppose -3*s + 69 + 42 = 0. Calculate the remainder when s is divided by m(-4).
7
Suppose 3*g - 59 - 38 = 5*q, 0 = -5*q + 5*g - 95. Suppose -5*f + 145 = 3*o, o + 9 = f - 20. Calculate the remainder when f is divided by (q/(-3))/(4/6).
9
Calculate the remainder when ((-6)/5)/(0 + 10/(-1275)) is divided by 22.
21
Suppose -9 + 3 = 3*t + 4*c, c = 5*t - 13. Let d(q) = -4*q**3 - q**2 + 3 + 5*q**3 + 0*q**2 - 3*q**2. What is the remainder when d(4) is divided by t?
1
Let x(b) = -b + 4. Let t be x(4). Suppose i = -t*i. Suppose 3*w - 2 - 22 = i. Calculate the remainder when 14 is divided by w.
6
Let g be 40/15 + (-2)/3. Suppose -o - 4*o = -25. Suppose -177 = g*t - o*t. What is the remainder when t is divided by 20?
19
Let w(j) = -j. Let p(i) = 8*i - 3. Let t(x) = -p(x) + 2*w(x). Suppose f = 2*h + 5, -3*f + 5*h + 7 = -4. Calculate the remainder when t(f) is divided by 9.
6
Let h = 23 - 5. Calculate the remainder when (8 - h)*(-22)/4 is divided by 28.
27
Calculate the remainder when 44 + 6/(-9)*3 is divided by 11.
9
Suppose -j + 5 = 2. Suppose 6 = l + 4. Calculate the remainder when l is divided by 5/j - (-8)/(-12).
0
Suppose -2*b + 0*b + 8 = 0. Let v = -1 + b. Let c(o) = o**2 + 2*o - 17. What is the remainder when c(4) is divided by v?
1
Let i = 200 - 132. Suppose -5*d = j - 300 - i, d = -3*j + 82. What is the remainder when d is divided by 19?
16
Let z(m) be the third derivative of -m**6/120 + 7*m**5/60 - m**4/6 + m**2. Suppose 12*g - 2*g - 50 = 0. Calculate the remainder when z(g) is divided by 8.
6
Let m = -205 + 323. Calculate the remainder when m is divided by 30.
28
Let q = -3 + 6. Suppose -4*o + 4*t = -4, -2*o + 3*t + 9 = q*o. What is the remainder when o is divided by 4/(-3)*9/(-6)?
1
Let l = 22 + -20. Calculate the remainder when 2 is divided by l.
0
Let x = 38 - 33. Calculate the remainder when x is divided by 2.
1
Let l(y) = y**2 + 5*y + 9. Let a be l(-7). Suppose 5*t - 73 = -a. What is the remainder when 38 is divided by t?
8
Let t(w) = w**2 + 7*w - 3. What is the remainder when t(5) is divided by 21?
15
Let a(q) = -8*q**2 - 4*q - 13. Let y(i) = 7*i**2 + 3*i + 12. Let r(d) = 6*a(d) + 7*y(d). Calculate the remainder when r(5) is divided by 6.
4
Let c = 209 - 118. Suppose -5*u + 0*u - 5*r = -70, -5*u = -2*r - c. Suppose -p + 2*p = 49. What is the remainder when p is divided by u?
15
Suppose 0 = 2*i - 5*p - 50, -8*i + 3*i - 5*p = -55. Suppose -47 + i = -4*y. What is the remainder when 13 is divided by y?
5
Let a = -79 + 109. What is the remainder when 89 is divided by a?
29
Suppose -4*x - 4*s + 7 + 9 = 0, -5*x + 50 = -5*s. Suppose -d = -4 - 7. What is the remainder when d is divided by x?
4
What is the remainder when 0 - (-82 - (1 - 0)) is divided by 28?
27
Let p(d) = -2*d**2 - 9*d - d + d**2 - 7 + d. What is the remainder when 19 is divided by p(-7)?
5
Suppose -267 = -9*b + 345. Calculate the remainder when b is divided by 24.
20
Let g(o) be the second derivative of -o**5/10 - o**3/3 + o**2/2 - o. What is the remainder when g(-2) is divided by 11?
10
Suppose -7 = i - 16. What is the remainder when 33 is divided by i?
6
What is the remainder when 94 is divided by (36/(-27))/((-2)/36)?
22
Let s(i) = i**2 - i - 1. Let j be s(3). Suppose 0 = -0*r - j*r + 15. Suppose 4*c - 2*u - 9 = -r, -3*c - 5*u = -24. What is the remainder when 4 is divided by c?
1
Let v(u) = -u**3 - 7*u**2 - 2*u + 4. What is the remainder when 34 is divided by v(-7)?
16
What is the remainder when 2142/45 + (-4)/(-10) is divided by (-1)/5 - 51/(-5)?
8
Suppose 40 = 4*f - 40. Let j = f + -2. What is the remainder when 71 is divided by j?
17
Let g(d) = 4*d - 1. Suppose 4*b = -3*q - 35, -2*b + q - 5*q = 30. Let i be g(b). What is the remainder when 6/i - (-144)/14 is divided by 4?
2
Let w(q) = -q**2 - 8*q - 3. Let z be w(-7). Suppose 2*x - z*x = -36. Calculate the remainder when x is divided by 5.
3
Calculate the remainder when (14/(-4))/(2/(-36)) is divided by 33.
30
Let y = 98 + -37. What is the remainder when y is divided by 16?
13
What is the remainder when (-3 - (-2 + 0)) + 30 is divided by 8?
5
Suppose w = 7 + 3. Calculate the remainder when 27 is divided by w.
7
Let u = 77 + -49. Suppose -5 = -3*f + 40. Calculate the remainder when u is divided by f.
13
What is the remainder when 6 is divided by 10/(-35) - (-46)/14?
0
Let a(v) = -7*v - 54. Calculate the remainder when 19 is divided by a(-8).
1
Let b = -124 + 153. What is the remainder when b is divided by 11?
7
Suppose 40 + 10 = 5*a. Let h be 4/(-2) + 2 - -5. Suppose 0 = 5*x - 4*g - g - 10, 3*g - 42 = -h*x. Calculate the remainder when a is divided by x.
4
Let f = 5 + 5. Calculate the remainder when 19 is divided by f.
9
What is the remainder when 5*1 + (16 - 16) is divided by 4?
1
Let a(g) be the third derivative of -g**4/24 + 19*g**3 + 8*g**2. Calculate the remainder when a(0) is divided by 29.
27
Suppose 55 = -7*n + 12*n. Let c(t) = -t**2 + 7*t + 4. What is the remainder when n is divided by c(7)?
3
Suppose -1 = 2*f - 9. Let v = 4 - f. Suppose k - 53 = -k - 5*w, v = -5*k - 2*w + 101. What is the remainder when k is divided by 10?
9
Let f(m) = -m**2 + 6*m - 4. Let c(t) = -4*t**3 + 2*t**2 + t. Let v be c(-1). Let o(z) = -z**2 + 4*z - 3. What is the remainder when f(v) is divide